{"id":2380,"date":"2025-01-08T13:37:08","date_gmt":"2025-01-08T12:37:08","guid":{"rendered":"https:\/\/awarenessuniversity.ch\/?page_id=2380"},"modified":"2025-01-08T13:37:08","modified_gmt":"2025-01-08T12:37:08","slug":"hypnose-issue-de-la-pnl-et-derickson","status":"publish","type":"page","link":"https:\/\/awarenessuniversity.ch\/index.php\/hypnose-issue-de-la-pnl-et-derickson\/","title":{"rendered":"Hypnose issue de la PNL et d&rsquo;Erickson :"},"content":{"rendered":"\n<p><\/p>\n\n\n\n<p><strong>Origine et Fondement<\/strong>\u00a0: Cette forme d&rsquo;hypnose s&rsquo;inspire des travaux de Milton H. Erickson, un psychiatre am\u00e9ricain, et des techniques de la PNL d\u00e9velopp\u00e9es par Richard Bandler et John Grinder. Elle met l&rsquo;accent sur la communication indirecte et les m\u00e9taphores pour induire des \u00e9tats hypnotiques.<\/p>\n\n\n\n<p><strong>Approche<\/strong>\u00a0: Elle est souvent appel\u00e9e hypnose ericksonienne. L&rsquo;accent est mis sur l&rsquo;utilisation des ressources inconscientes du patient. Le th\u00e9rapeute guide le sujet en utilisant des suggestions indirectes, des histoires et des m\u00e9taphores pour faciliter les changements de comportements ou la r\u00e9solution de probl\u00e8mes.<\/p>\n\n\n\n<p><strong>Objectif<\/strong>\u00a0: L&rsquo;objectif principal est de contourner les r\u00e9sistances conscientes pour acc\u00e9der directement \u00e0 l&rsquo;inconscient, o\u00f9 les ressources et les solutions peuvent \u00eatre trouv\u00e9es.<\/p>\n\n\n\n<p><strong>Relation th\u00e9rapeutique<\/strong>\u00a0: Le th\u00e9rapeute est vu comme un guide qui accompagne le sujet dans son voyage int\u00e9rieur, en utilisant des suggestions permissives et indirectes.<\/p>\n\n\n\n<ol class=\"wp-block-list\"><\/ol>\n\n\n\n<p><\/p>\n","protected":false},"excerpt":{"rendered":"<p>Origine et Fondement\u00a0: Cette forme d&rsquo;hypnose s&rsquo;inspire des travaux de Milton H. Erickson, un psychiatre am\u00e9ricain, et des techniques de la PNL d\u00e9velopp\u00e9es par Richard Bandler et John Grinder. Elle met l&rsquo;accent sur la communication indirecte et les m\u00e9taphores pour <a class=\"more-link\" href=\"https:\/\/awarenessuniversity.ch\/index.php\/hypnose-issue-de-la-pnl-et-derickson\/\">Lire plus &#8230;<\/a><\/p>\n","protected":false},"author":1,"featured_media":0,"parent":0,"menu_order":0,"comment_status":"closed","ping_status":"closed","template":"","meta":{"footnotes":""},"class_list":["post-2380","page","type-page","status-publish","hentry"],"_links":{"self":[{"href":"https:\/\/awarenessuniversity.ch\/index.php\/wp-json\/wp\/v2\/pages\/2380","targetHints":{"allow":["GET"]}}],"collection":[{"href":"https:\/\/awarenessuniversity.ch\/index.php\/wp-json\/wp\/v2\/pages"}],"about":[{"href":"https:\/\/awarenessuniversity.ch\/index.php\/wp-json\/wp\/v2\/types\/page"}],"author":[{"embeddable":true,"href":"https:\/\/awarenessuniversity.ch\/index.php\/wp-json\/wp\/v2\/users\/1"}],"replies":[{"embeddable":true,"href":"https:\/\/awarenessuniversity.ch\/index.php\/wp-json\/wp\/v2\/comments?post=2380"}],"version-history":[{"count":1,"href":"https:\/\/awarenessuniversity.ch\/index.php\/wp-json\/wp\/v2\/pages\/2380\/revisions"}],"predecessor-version":[{"id":2381,"href":"https:\/\/awarenessuniversity.ch\/index.php\/wp-json\/wp\/v2\/pages\/2380\/revisions\/2381"}],"wp:attachment":[{"href":"https:\/\/awarenessuniversity.ch\/index.php\/wp-json\/wp\/v2\/media?parent=2380"}],"curies":[{"name":"wp","href":"https:\/\/api.w.org\/{rel}","templated":true}]}}