{"id":2265,"date":"2025-01-07T00:34:40","date_gmt":"2025-01-06T23:34:40","guid":{"rendered":"https:\/\/awarenessuniversity.ch\/?page_id=2265"},"modified":"2025-01-15T13:54:10","modified_gmt":"2025-01-15T12:54:10","slug":"leadership","status":"publish","type":"page","link":"https:\/\/awarenessuniversity.ch\/index.php\/leadership\/","title":{"rendered":"LEADERSHIP"},"content":{"rendered":"\n<figure class=\"wp-block-image size-full\"><img loading=\"lazy\" decoding=\"async\" width=\"1024\" height=\"1024\" src=\"https:\/\/awarenessuniversity.ch\/wp-content\/uploads\/2025\/01\/DALL\u00b7E-2025-01-11-18.08.08-An-abstract-painting-illustrating-leadership-through-interconnected-motion-blending-symbols-of-highways-railways-airways-and-waterways.-The-female-1.webp\" alt=\"\" class=\"wp-image-2535\" srcset=\"https:\/\/awarenessuniversity.ch\/wp-content\/uploads\/2025\/01\/DALL\u00b7E-2025-01-11-18.08.08-An-abstract-painting-illustrating-leadership-through-interconnected-motion-blending-symbols-of-highways-railways-airways-and-waterways.-The-female-1.webp 1024w, https:\/\/awarenessuniversity.ch\/wp-content\/uploads\/2025\/01\/DALL\u00b7E-2025-01-11-18.08.08-An-abstract-painting-illustrating-leadership-through-interconnected-motion-blending-symbols-of-highways-railways-airways-and-waterways.-The-female-1-300x300.webp 300w, https:\/\/awarenessuniversity.ch\/wp-content\/uploads\/2025\/01\/DALL\u00b7E-2025-01-11-18.08.08-An-abstract-painting-illustrating-leadership-through-interconnected-motion-blending-symbols-of-highways-railways-airways-and-waterways.-The-female-1-150x150.webp 150w, https:\/\/awarenessuniversity.ch\/wp-content\/uploads\/2025\/01\/DALL\u00b7E-2025-01-11-18.08.08-An-abstract-painting-illustrating-leadership-through-interconnected-motion-blending-symbols-of-highways-railways-airways-and-waterways.-The-female-1-768x768.webp 768w\" sizes=\"auto, (max-width: 1024px) 100vw, 1024px\" \/><\/figure>\n\n\n\n<h3 class=\"wp-block-heading\">Leadership Authentique <\/h3>\n\n\n\n<p>Le leadership authentique repose sur l&rsquo;alignement et l&rsquo;ouverture du c\u0153ur, assurant une congruence entre les actions d\u2019un leader et ses valeurs personnelles. En exploitant leur pouvoir cr\u00e9ateur, les leaders authentiques inspirent et influencent positivement leur entourage. Cette approche valorise l\u2019authenticit\u00e9, la vuln\u00e9rabilit\u00e9, et la capacit\u00e9 \u00e0 innover en harmonisant la vision personnelle avec les aspirations collectives.<\/p>\n\n\n\n<figure class=\"wp-block-image size-full\"><img loading=\"lazy\" decoding=\"async\" width=\"1024\" height=\"1024\" src=\"https:\/\/awarenessuniversity.ch\/wp-content\/uploads\/2025\/01\/DALL\u00b7E-2025-01-11-18.34.26-A-conceptual-digital-artwork-representing-identity-leadership-and-business-featuring-a-confident-leader-at-the-center-surrounded-by-a-diverse-grou.webp\" alt=\"\" class=\"wp-image-2530\" srcset=\"https:\/\/awarenessuniversity.ch\/wp-content\/uploads\/2025\/01\/DALL\u00b7E-2025-01-11-18.34.26-A-conceptual-digital-artwork-representing-identity-leadership-and-business-featuring-a-confident-leader-at-the-center-surrounded-by-a-diverse-grou.webp 1024w, https:\/\/awarenessuniversity.ch\/wp-content\/uploads\/2025\/01\/DALL\u00b7E-2025-01-11-18.34.26-A-conceptual-digital-artwork-representing-identity-leadership-and-business-featuring-a-confident-leader-at-the-center-surrounded-by-a-diverse-grou-300x300.webp 300w, https:\/\/awarenessuniversity.ch\/wp-content\/uploads\/2025\/01\/DALL\u00b7E-2025-01-11-18.34.26-A-conceptual-digital-artwork-representing-identity-leadership-and-business-featuring-a-confident-leader-at-the-center-surrounded-by-a-diverse-grou-150x150.webp 150w, https:\/\/awarenessuniversity.ch\/wp-content\/uploads\/2025\/01\/DALL\u00b7E-2025-01-11-18.34.26-A-conceptual-digital-artwork-representing-identity-leadership-and-business-featuring-a-confident-leader-at-the-center-surrounded-by-a-diverse-grou-768x768.webp 768w\" sizes=\"auto, (max-width: 1024px) 100vw, 1024px\" \/><\/figure>\n\n\n\n<h3 class=\"wp-block-heading\">Leadership de nos Personnages Internes<\/h3>\n\n\n\n<p>Le leadership de nos personnages internes est une exploration introspective visant \u00e0 identifier et harmoniser les diff\u00e9rentes facettes de soi qui influencent les comportements. Cette m\u00e9thode permet de naviguer entre les besoins de divers aspects de soi pour d\u00e9velopper un leadership plus \u00e9quilibr\u00e9 et coh\u00e9rent, facilitant ainsi une prise de d\u00e9cision \u00e9clair\u00e9e et une communication authentique.<\/p>\n\n\n\n<h3 class=\"wp-block-heading\">Management<\/h3>\n\n\n\n<p>Le management \u00e9thique et durable vise \u00e0 cr\u00e9er un environnement de travail sain, soutenant le d\u00e9veloppement personnel des employ\u00e9s et garantissant que les objectifs organisationnels sont align\u00e9s avec des valeurs \u00e9thiques et responsables. Cette approche favorise une culture d&rsquo;entreprise positive, encourage la collaboration et promeut la responsabilit\u00e9 sociale.<\/p>\n\n\n\n<h3 class=\"wp-block-heading\">Marketing &amp; Communication<\/h3>\n\n\n\n<p>Le marketing \u00e9thique et \u00e9coresponsable se concentre sur le d\u00e9veloppement de strat\u00e9gies align\u00e9es avec des valeurs \u00e9thiques, o\u00f9 les moyens et les objectifs sont en harmonie. Il s&rsquo;agit de promouvoir des produits ou services de mani\u00e8re respectueuse des besoins individuels et collectifs, en mettant l&rsquo;accent sur la transparence, la durabilit\u00e9, et le bien-\u00eatre de la communaut\u00e9. Cette approche encourage des pratiques commerciales qui soutiennent la sant\u00e9 globale et l&rsquo;int\u00e9grit\u00e9 de l&rsquo;\u00e9cosyst\u00e8me.<\/p>\n\n\n\n<figure class=\"wp-block-image size-full\"><img loading=\"lazy\" decoding=\"async\" width=\"1024\" height=\"1024\" src=\"https:\/\/awarenessuniversity.ch\/wp-content\/uploads\/2025\/01\/DALL\u00b7E-2025-01-11-18.12.42-An-abstract-painting-symbolizing-leadership-as-steering-a-futuristic-ship.-The-view-is-from-inside-a-high-tech-control-room-where-a-female-figure-sta.webp\" alt=\"\" class=\"wp-image-2521\" srcset=\"https:\/\/awarenessuniversity.ch\/wp-content\/uploads\/2025\/01\/DALL\u00b7E-2025-01-11-18.12.42-An-abstract-painting-symbolizing-leadership-as-steering-a-futuristic-ship.-The-view-is-from-inside-a-high-tech-control-room-where-a-female-figure-sta.webp 1024w, https:\/\/awarenessuniversity.ch\/wp-content\/uploads\/2025\/01\/DALL\u00b7E-2025-01-11-18.12.42-An-abstract-painting-symbolizing-leadership-as-steering-a-futuristic-ship.-The-view-is-from-inside-a-high-tech-control-room-where-a-female-figure-sta-300x300.webp 300w, https:\/\/awarenessuniversity.ch\/wp-content\/uploads\/2025\/01\/DALL\u00b7E-2025-01-11-18.12.42-An-abstract-painting-symbolizing-leadership-as-steering-a-futuristic-ship.-The-view-is-from-inside-a-high-tech-control-room-where-a-female-figure-sta-150x150.webp 150w, https:\/\/awarenessuniversity.ch\/wp-content\/uploads\/2025\/01\/DALL\u00b7E-2025-01-11-18.12.42-An-abstract-painting-symbolizing-leadership-as-steering-a-futuristic-ship.-The-view-is-from-inside-a-high-tech-control-room-where-a-female-figure-sta-768x768.webp 768w\" sizes=\"auto, (max-width: 1024px) 100vw, 1024px\" \/><\/figure>\n","protected":false},"excerpt":{"rendered":"<p>Leadership Authentique Le leadership authentique repose sur l&rsquo;alignement et l&rsquo;ouverture du c\u0153ur, assurant une congruence entre les actions d\u2019un leader et ses valeurs personnelles. En exploitant leur pouvoir cr\u00e9ateur, les leaders authentiques inspirent et influencent positivement leur entourage. Cette approche <a class=\"more-link\" href=\"https:\/\/awarenessuniversity.ch\/index.php\/leadership\/\">Lire plus &#8230;<\/a><\/p>\n","protected":false},"author":1,"featured_media":0,"parent":0,"menu_order":0,"comment_status":"closed","ping_status":"closed","template":"","meta":{"footnotes":""},"class_list":["post-2265","page","type-page","status-publish","hentry"],"_links":{"self":[{"href":"https:\/\/awarenessuniversity.ch\/index.php\/wp-json\/wp\/v2\/pages\/2265","targetHints":{"allow":["GET"]}}],"collection":[{"href":"https:\/\/awarenessuniversity.ch\/index.php\/wp-json\/wp\/v2\/pages"}],"about":[{"href":"https:\/\/awarenessuniversity.ch\/index.php\/wp-json\/wp\/v2\/types\/page"}],"author":[{"embeddable":true,"href":"https:\/\/awarenessuniversity.ch\/index.php\/wp-json\/wp\/v2\/users\/1"}],"replies":[{"embeddable":true,"href":"https:\/\/awarenessuniversity.ch\/index.php\/wp-json\/wp\/v2\/comments?post=2265"}],"version-history":[{"count":11,"href":"https:\/\/awarenessuniversity.ch\/index.php\/wp-json\/wp\/v2\/pages\/2265\/revisions"}],"predecessor-version":[{"id":2684,"href":"https:\/\/awarenessuniversity.ch\/index.php\/wp-json\/wp\/v2\/pages\/2265\/revisions\/2684"}],"wp:attachment":[{"href":"https:\/\/awarenessuniversity.ch\/index.php\/wp-json\/wp\/v2\/media?parent=2265"}],"curies":[{"name":"wp","href":"https:\/\/api.w.org\/{rel}","templated":true}]}}