{"id":2147,"date":"2025-01-04T22:06:45","date_gmt":"2025-01-04T21:06:45","guid":{"rendered":"https:\/\/awarenessuniversity.ch\/?page_id=2147"},"modified":"2025-01-04T22:06:45","modified_gmt":"2025-01-04T21:06:45","slug":"le-pardon-nest-pas-une-action","status":"publish","type":"page","link":"https:\/\/awarenessuniversity.ch\/index.php\/le-pardon-nest-pas-une-action\/","title":{"rendered":"Le pardon n\u2019est pas une action!"},"content":{"rendered":"\n<p><\/p>\n\n\n\n<figure class=\"wp-block-image\"><img decoding=\"async\" src=\"https:\/\/uni-a-geneve.ch\/wp-content\/uploads\/2025\/01\/manipulation-4521423-2-1024x683.jpg\" alt=\"\" class=\"wp-image-31363\"\/><\/figure>\n\n\n\n<p>J\u2019ai souvent parl\u00e9 du pardon dans mes articles, mais en 2025, je ne veux plus utiliser ce mot. Dans une culture jud\u00e9o-chr\u00e9tienne, il porte une \u00e9nergie li\u00e9e \u00e0 cette vision. Nous sommes libres de choisir comment interpr\u00e9ter les \u00e9v\u00e9nements ! Ce choix nous appartient pleinement et c\u2019est notre plus grande libert\u00e9 : la libert\u00e9 de trouver une vision qui ne d\u00e9gage pas la haine.<\/p>\n\n\n\n<p>Personne n\u2019a le droit d\u2019influencer notre vie sans un choix conscient de notre part. Nos ennemis ont du pouvoir sur nous seulement si nous d\u00e9cidons de les voir comme tels ! Personne n\u2019est un ennemi, sauf si nous le d\u00e9cidons. Un livre formidable, avec une exp\u00e9rience tr\u00e8s intense, est&nbsp;<em>Vous n\u2019aurez pas ma haine<\/em>. Ce livre r\u00e9sume pour moi le m\u00e9canisme de ce qu\u2019on appelle le pardon et montre comment on peut rebondir apr\u00e8s un drame.<\/p>\n\n\n\n<p>La vie est telle qu\u2019elle est, avec ses accidents, ses souffrances, ses gens coinc\u00e9s dans leurs traumatismes. Nous ne pouvons pas changer la vie, mais elle a des r\u00e8gles du jeu, comme :<\/p>\n\n\n\n<ul class=\"wp-block-list\">\n<li>Le monde qui nous entoure est notre miroir, et c\u2019est \u00e0 nous seuls d\u2019agir pour transformer ce que nous voyons.<\/li>\n\n\n\n<li>L\u2019autre va aussi loin que nous lui permettons d\u2019aller. Il nous respecte \u00e0 la mesure o\u00f9 nous nous respectons nous-m\u00eames.<\/li>\n\n\n\n<li>L\u2019autre danse sur la piste que nous lui offrons pour danser devant nous.<\/li>\n\n\n\n<li>Nous attirons \u00e0 nous ce que nous portons dans notre subconscient. J\u2019ai une histoire tragique \u00e0 ce sujet \u00e0 raconter. Une fois, dans un groupe de constellation familiale, une femme a partag\u00e9 son histoire de viols r\u00e9p\u00e9t\u00e9s. C\u2019\u00e9tait une exp\u00e9rience qu\u2019elle avait v\u00e9cue dans sa famille, et qui \u00e9tait tr\u00e8s pr\u00e9sente dans ses m\u00e9moires cellulaires. Malgr\u00e9 tous les efforts d\u2019\u00e9vitement et d\u2019isolement qu\u2019elle avait pu mettre en place, elle a \u00e9galement \u00e9t\u00e9 viol\u00e9e alors qu\u2019elle \u00e9tait sous anesth\u00e9sie m\u00e9dicale. Je me suis demand\u00e9 comment il se fait qu\u2019elle soit particuli\u00e8rement touch\u00e9e encore et encore par le ph\u00e9nom\u00e8ne du viol. C\u2019est l\u00e0 qu\u2019on comprend que nous sommes des aimants pour notre subconscient, avec ses conflits non r\u00e9solus et ses blessures non identifi\u00e9es.<\/li>\n<\/ul>\n\n\n\n<figure class=\"wp-block-image\"><img decoding=\"async\" src=\"https:\/\/uni-a-geneve.ch\/wp-content\/uploads\/2025\/01\/i-beg-your-pardon-1272737-1024x645.jpg\" alt=\"\" class=\"wp-image-31347\"\/><\/figure>\n\n\n\n<p>***<\/p>\n\n\n\n<h2 class=\"wp-block-heading\">Le pardon \u2013 porte d\u2019\u00e9veil spirituel !<\/h2>\n\n\n\n<figure class=\"wp-block-image\"><img decoding=\"async\" src=\"https:\/\/uni-a-geneve.ch\/wp-content\/uploads\/2024\/09\/buttterfly-8019730_1280-682x1024.jpg\" alt=\"\" class=\"wp-image-31294\"\/><\/figure>\n\n\n\n<p>Ce qui est le plus important \u00e0 comprendre dans le pardon, c\u2019est qu\u2019il n\u2019y a rien \u00e0 pardonner.<br>Il n\u2019y a rien \u00e0 pardonner, car le pardon ne peut \u00eatre un jeu de victimisation ni de sup\u00e9riorit\u00e9.<br>Il n\u2019y a rien \u00e0 pardonner, puisque la vie est une perfection de l\u2019imparfait.<br>Il n\u2019y a rien \u00e0 pardonner, mais une occasion de remercier pour l\u2019\u00e9veil de ta cr\u00e9ativit\u00e9.<br>Il n\u2019y a rien \u00e0 pardonner, car ce n\u2019est que la vie qui se manifeste.<br>Il n\u2019y a rien \u00e0 pardonner, car rien dans la vie n\u2019est personnalis\u00e9.<\/p>\n\n\n\n<p>Cependant, tu peux prendre l\u2019impardonnable qui te touche comme une occasion de te d\u00e9tacher, de t\u2019individualiser et de d\u00e9velopper ta souverainet\u00e9.<br>Il n\u2019y a rien \u00e0 pardonner, car m\u00eame ceux qui t\u2019ont appris \u00e0 marcher, \u00e0 travailler, ou m\u00eame \u00e0 m\u00e9diter, peuvent commettre des actes graves, soit en r\u00e9pondant par automatisme \u00e0 ce qui est demand\u00e9, ou plut\u00f4t \u00e0 ce que tu as g\u00e9n\u00e9r\u00e9, soit par \u00e9go\u00efsme, ou simple limitation de notre humanit\u00e9.<br>Il n\u2019y a rien \u00e0 pardonner, car l\u2019autre, tout comme toi, porte en lui son karma, ses ins\u00e9curit\u00e9s, ses n\u00e9vroses et a le droit d\u2019\u00eatre temporairement malade, de changer d\u2019avis, de ne pas te choisir et de se tromper.<br>Il n\u2019y a rien \u00e0 pardonner, mais un moment de conscientisation sur l\u2019endroit o\u00f9 tu places ta focalisation, car la haine, les remords, les ruminations, et les punitions subtiles que tu entretiens, \u0153uvrent en ma\u00eetre pour ton ego \u2013 et font de toi ton propre bourreau.<\/p>\n\n\n\n<p>Il n\u2019y a rien \u00e0 pardonner, mais plut\u00f4t une occasion de rebondir et surtout de te choisir.<br>Il n\u2019y a rien \u00e0 pardonner, mais une occasion de s\u2019honorer, de se connecter \u00e0 la source et de laisser l\u2019entier de son \u00eatre vibrer.<br>Il n\u2019y a rien \u00e0 pardonner, mais une question de vivre sa vie et surtout de s\u2019affirmer.<br>Il n\u2019y a rien \u00e0 pardonner, car la victimisation est un choix, une \u00e9tape, et une question de responsabilit\u00e9 : la responsabilit\u00e9 de r\u00e9cup\u00e9rer sa dignit\u00e9 et l\u2019entier de son \u00eatre, d\u2019apprendre \u00e0 la pr\u00e9server, de prendre sa place et d\u2019avancer.<\/p>\n\n\n\n<p>Le pardon, lui, est une occasion d\u2019accueillir, d\u2019accepter sans forc\u00e9ment cautionner, de se d\u00e9sencombrer pour ouvrir la porte de la libert\u00e9.<br>Si le pardon est demand\u00e9, rappelle-toi que c\u2019est un test de la vie pour voir si tu aimes la vie malgr\u00e9 les \u00e9clairs et les tornades.<br>Rappelle-toi que la vie te teste pour voir si, malgr\u00e9 ce que tu n\u2019aimes pas, tu respectes la vie en toi et si tu peux rester gourmand(e) de joie, d\u2019amour, d\u2019\u00e9veil et d\u2019extase.<br>Et si certains passages sont trop durs, as-tu le courage d\u2019aimer la vie, non pas pour ce qu\u2019elle t\u2019offre, mais pour ce qu\u2019elle est ?<\/p>\n\n\n\n<p>Gen\u00e8ve le,&nbsp;<\/p>\n\n\n\n<p><strong>Aurika Ursu<br>Le leadership au service de la conscience<\/strong><\/p>\n\n\n\n<p>***<\/p>\n\n\n\n<h2 class=\"wp-block-heading\">Choisir la lib\u00e9rt\u00e9 du pardon<\/h2>\n\n\n\n<figure class=\"wp-block-image\"><img decoding=\"async\" src=\"https:\/\/uni-a-geneve.ch\/wp-content\/uploads\/2023\/09\/le-pardon-1024x681.jpg\" alt=\"\" class=\"wp-image-29772\"\/><\/figure>\n\n\n\n<p>En cette nouvelle rentr\u00e9e d\u2019automne,<\/p>\n\n\n\n<p>Je d\u00e9cide d\u2019honorer la libert\u00e9 qu\u2019offre le pardon.<\/p>\n\n\n\n<p>Le pardon, non pas comme un geste de sup\u00e9riorit\u00e9 : \u00ab&nbsp;Je te pardonne&nbsp;\u00bb,<\/p>\n\n\n\n<p>Mais plut\u00f4t comme une ouverture du c\u0153ur avec la conscience : \u00ab&nbsp;Je suis le co-cr\u00e9ateur&nbsp;\u00bb.<\/p>\n\n\n\n<p>C\u2019est ce qu\u2019il y a \u00e0 faire lorsque tout en soi est align\u00e9, mais que le corps semble r\u00e9sister.<\/p>\n\n\n\n<p>Quand le corps refuse d\u2019avancer, c\u2019est parfois le signe qu\u2019il reste des m\u00e9moires erron\u00e9es \u00e0 lib\u00e9rer.<\/p>\n\n\n\n<p>Voici mon r\u00e9cit de pardon d\u2019aujourd\u2019hui :<\/p>\n\n\n\n<p>\u00c0 vous, ceux que je vous en veux, ceux que j\u2019ai jug\u00e9s, culpabilis\u00e9s et condamn\u00e9s,<\/p>\n\n\n\n<p>M\u00eame ceux que j\u2019ai plac\u00e9s en sup\u00e9riorit\u00e9&nbsp;<\/p>\n\n\n\n<p>Comme mes parents, le gouvernement, les th\u00e9rapeutes, les enseignants\u2026<\/p>\n\n\n\n<p>Ceux avec qui j\u2019entretiens des remords\u2026<\/p>\n\n\n\n<p>Comme mon fr\u00e8re, des amis ou m\u00eame mon ex-mari,&nbsp;<\/p>\n\n\n\n<p>Je vous dis aujourd\u2019hui MERCI.<\/p>\n\n\n\n<p>Merci, car vos actions ont \u00e9t\u00e9 les forces motrices qui ont fa\u00e7onn\u00e9 ma vie.<\/p>\n\n\n\n<p>J\u2019ai cr\u00e9\u00e9 ma vie avec ce que vous avez fait.&nbsp;<\/p>\n\n\n\n<p>La col\u00e8re que vous avez r\u00e9veill\u00e9e, m\u2019a servi \u00e0 avoir plus d\u2019\u00e9nergie vitale, \u00e0 prendre ma place et \u00e0 mieux exister.<\/p>\n\n\n\n<p>En fin de compte, c\u2019est moi qui vous demande pardon.&nbsp;<\/p>\n\n\n\n<p>D\u2019une mani\u00e8re ou d\u2019une autre, je vous ai utilis\u00e9s.<\/p>\n\n\n\n<p>Avec vous, j\u2019ai trac\u00e9 le chemin que je parcours aujourd\u2019hui.<\/p>\n\n\n\n<p>Parfois, j\u2019ai d\u00fb toucher le pire pour gagner en libert\u00e9, en puret\u00e9, pour d\u00e9fendre mes convictions, et m\u00eame souvent pour avoir raison.<\/p>\n\n\n\n<p>Je vous ai souvent jug\u00e9s et bl\u00e2m\u00e9s inconsciemment \u00e0 juste titre,<\/p>\n\n\n\n<p>Cela dit, aujourd\u2019hui, je sais que dans les ann\u00e9es \u00e0 venir, si vous revenez \u00e0 mon esprit et dans mes m\u00e9moires cellulaires, ce sera pour vous remercier.<\/p>\n\n\n\n<p>Merci de m\u2019avoir montr\u00e9 ma valeur et mes principes.<\/p>\n\n\n\n<p>Merci de m\u2019avoir r\u00e9v\u00e9l\u00e9 mes dons et mes limites.<\/p>\n\n\n\n<p>Merci de m\u2019avoir montr\u00e9 le pire de moi-m\u00eame, ce qui au fond ne m\u2019appartient pas.&nbsp;<\/p>\n\n\n\n<p>Gr\u00e2ce \u00e0 ce que vous m\u2019avez donn\u00e9, je prends conscience de ma co-cr\u00e9ativit\u00e9.<\/p>\n\n\n\n<p>Vous n\u2019\u00eates pas plus insidieux que ce que je peux \u00eatre envers moi-m\u00eame,&nbsp;<\/p>\n\n\n\n<p>Car ce que je peux voir, c\u2019est ce que je connais d\u00e9j\u00e0.<\/p>\n\n\n\n<p>Ce que je peux tol\u00e9rer c\u2019est ce que je me fais,&nbsp;<\/p>\n\n\n\n<p>Qui est le coupable ? \u00c0 qui \u00e7a appartient ? Je ne sais pas.<\/p>\n\n\n\n<p>Mais une chose est certaine, je ne veux plus vivre li\u00e9 \u00e0 ce qui ne me convient pas.<\/p>\n\n\n\n<p>Si des m\u00e9moires cellulaires veulent encore avoir raison,<\/p>\n\n\n\n<p>C\u2019est simplement le d\u00e9sir de rester connect\u00e9 qui est la valeur.<\/p>\n\n\n\n<p>Mais cette fois-ci, je pardonne, surtout avec la conscience de ma co-cr\u00e9ation.<\/p>\n\n\n\n<p>Cette fois-ci, je me lib\u00e8re de l\u2019obsession d\u2019avoir toujours raison, et du d\u00e9ni de la co-cr\u00e9ation.&nbsp;<\/p>\n\n\n\n<p>Une obsession qui peut cr\u00e9er la pire des prisons.<\/p>\n\n\n\n<p>Non seulement une prison, mais une guerre inconsciente qui se d\u00e9roule dans un cycle perp\u00e9tuel de destruction.<\/p>\n\n\n\n<p>Et m\u00eame si le \u00ab&nbsp;Je&nbsp;\u00bb ne pr\u00e9vaut pas toujours, j\u2019ouvre les bras \u00e0 l\u2019amour.<\/p>\n\n\n\n<p>L\u2019amour est mon point de d\u00e9part et ma destination.<\/p>\n\n\n\n<p>C\u2019est l\u00e0 mon \u00e9lan et ma&nbsp;raison.<\/p>\n\n\n\n<p>Bonne rentr\u00e9e \u00e0 tous.<\/p>\n\n\n\n<p>Aurika Ursu<\/p>\n","protected":false},"excerpt":{"rendered":"<p>J\u2019ai souvent parl\u00e9 du pardon dans mes articles, mais en 2025, je ne veux plus utiliser ce mot. Dans une culture jud\u00e9o-chr\u00e9tienne, il porte une \u00e9nergie li\u00e9e \u00e0 cette vision. Nous sommes libres de choisir comment interpr\u00e9ter les \u00e9v\u00e9nements ! <a class=\"more-link\" href=\"https:\/\/awarenessuniversity.ch\/index.php\/le-pardon-nest-pas-une-action\/\">Lire plus &#8230;<\/a><\/p>\n","protected":false},"author":1,"featured_media":0,"parent":0,"menu_order":0,"comment_status":"closed","ping_status":"closed","template":"","meta":{"footnotes":""},"class_list":["post-2147","page","type-page","status-publish","hentry"],"_links":{"self":[{"href":"https:\/\/awarenessuniversity.ch\/index.php\/wp-json\/wp\/v2\/pages\/2147","targetHints":{"allow":["GET"]}}],"collection":[{"href":"https:\/\/awarenessuniversity.ch\/index.php\/wp-json\/wp\/v2\/pages"}],"about":[{"href":"https:\/\/awarenessuniversity.ch\/index.php\/wp-json\/wp\/v2\/types\/page"}],"author":[{"embeddable":true,"href":"https:\/\/awarenessuniversity.ch\/index.php\/wp-json\/wp\/v2\/users\/1"}],"replies":[{"embeddable":true,"href":"https:\/\/awarenessuniversity.ch\/index.php\/wp-json\/wp\/v2\/comments?post=2147"}],"version-history":[{"count":1,"href":"https:\/\/awarenessuniversity.ch\/index.php\/wp-json\/wp\/v2\/pages\/2147\/revisions"}],"predecessor-version":[{"id":2148,"href":"https:\/\/awarenessuniversity.ch\/index.php\/wp-json\/wp\/v2\/pages\/2147\/revisions\/2148"}],"wp:attachment":[{"href":"https:\/\/awarenessuniversity.ch\/index.php\/wp-json\/wp\/v2\/media?parent=2147"}],"curies":[{"name":"wp","href":"https:\/\/api.w.org\/{rel}","templated":true}]}}